) in base 6?
150
-1412 (base 5) to base 9
-277
What is 1010 (base 2) in base 10?
10
Convert -11111111 (base 2) to base 11.
-212
Convert 0 (base 15) to base 4.
0
-11 (base 8) to base 13
-9
Convert 1100 (base 4) to base 14.
5a
b1 (base 15) to base 16
a6
What is 110 (base 2) in base 14?
6
3 (base 15) to base 11
3
What is 30 (base 4) in base 2?
1100
Convert -15 (base 10) to base 12.
-13
Convert -1000 (base 2) to base 14.
-8
Convert 1012 (base 3) to base 12.
28
Convert -2 (base 13) to base 16.
-2
What is 1 (base 16) in base 4?
1
What is 18 (base 12) in base 5?
40
What is 202 (base 5) in base 2?
110100
Convert -5 (base 7) to base 8.
-5
Convert 1 (base 15) to base 2.
1
110 (base 2) to base 12
6
What is -23 (base 13) in base 4?
-131
What is 9 (base 10) in base 4?
21
-16 (base 9) to base 2
-1111
-160 (base 7) to base 8
-133
Convert -2 (base 13) to base 7.
-2
Convert -1203 (base 4) to base 13.
-78
14 (base 13) to base 3
122
Convert -67 (base 9) to base 15.
-41
-18 (base 16) to base 6
-40
Convert 10 (base 2) to base 9.
2
What is -70 (base 9) in base 10?
-63
Convert 1000001 (base 2) to base 16.
41
7 (base 9) to base 12
7
Convert -6 (base 11) to base 14.
-6
Convert -100 (base 6) to base 2.
-100100
What is -2 (base 4) in base 7?
-2
What is -2000 (base 4) in base 10?
-128
Convert 6 (base 11) to base 13.
6
1010000 (base 2) to base 5
310
What is -4 (base 9) in base 10?
-4
-1 (base 6) to base 7
-1
-14 (base 16) to base 14
-16
4 (base 7) to base 16
4
101 (base 3) to base 16
a
What is -220 (base 3) in base 11?
-22
Convert 5 (base 16) to base 15.
5
What is 11 (base 4) in base 7?
5
What is -10 (base 10) in base 4?
-22
Convert -15 (base 7) to base 3.
-110
-110122 (base 3) to base 11
-290
What is 20 (base 13) in base 5?
101
20 (base 8) to base 10
16
What is -110101 (base 2) in base 8?
-65
-11 (base 6) to base 7
-10
What is -232 (base 4) in base 15?
-31
0 (base 16) to base 11
0
What is 64 (base 14) in base 11?
80
65 (base 14) to base 5
324
What is -10 (base 5) in base 2?
-101
Convert 11 (base 4) to base 12.
5
Convert 0 (base 14) to base 8.
0
-120 (base 8) to base 6
-212
0 (base 6) to base 10
0
-23 (base 5) to base 2
-1101
-4 (base 11) to base 8
-4
Convert -31 (base 4) to base 7.
-16
-5 (base 11) to base 16
-5
Convert 0 (base 13) to base 7.
0
Convert -23 (base 4) to base 7.
-14
What is -22112 (base 3) in base 6?
-1022
Convert 414 (base 6) to base 12.
10a
Convert 110011 (base 2) to base 3.
1220
What is -142 (base 6) in base 14?
-46
Convert -111 (base 5) to base 14.
-23
3 (base 7) to base 11
3
Convert 3 (base 15) to base 13.
3
-13 (base 5) to base 12
-8
What is -33 (base 6) in base 15?
-16
Convert -4 (base 9) to base 5.
-4
What is 6 (base 14) in base 10?
6
Convert -1b0 (base 12) to base 13.
-183
Convert 13 (base 9) to base 7.
15
-11 (base 14) to base 2
-1111
Convert 40 (base 5) to base 10.
20
Convert -100 (base 3) to base 16.
-9
What is 2a (base 16) in base 13?
33
What is 20 (base 3) in base 16?
6
Convert -14 (base 13) to base 15.
-12
-2 (base 8) to base 9
-2
What is 1 (base 16) in base 3?
1
What is -8 (base 11) in base 10?
-8
315 (base 6) to base 2
1110111
Convert -1 (base 9) to base 5.
-1
3 (base 6) to base 3
10
-21 (base 6) to base 9
-14
What is -45 (base 7) in base 12?
-29
What is -3 (base 15) in base 9?
-3
Convert 4 (base 15) to base 4.
10
Convert 20 (base 5) to base 4.
22
-2 (base 11) to base 6
-2
What is -18 (base 16) in base 7?
-33
What is 12 (base 5) in base 14?
7
Convert -111110 (base 2) to base 14.
-46
0 (base 16) to base 15
0
-34 (base 7) to base 6
-41
Convert 0 (base 14) to base 10.
0
Convert 1 (base 5) to base 4.
1
What is 7 (base 8) in base 13?
7
Convert 22211 (base 3) to base 5.
1423
Convert 251 (base 8) to base 12.
121
What is -12 (base 10) in base 3?
-110
What is 0 (base 15) in base 11?
0
-5 (base 15) to base 13
-5
Convert 8 (base 13) to base 10.
8
-10 (base 3) to base 11
-3
3 (base 14) to base 12
3
Convert -423 (base 8) to base 3.
-101012
Convert 8 (base 14) to base 4.
20
What is 196 (base 13) in base 14?
16c
What is -110 (base 5) in base 7?
-42
What is 100 (base 4) in base 11?
15
Convert -11 (base 3) to base 8.
-4
63 (base 12) to base 7
135
What is -58 (base 11) in base 2?
-111111
What is 22 (base 4) in base 8?
12
What is 202 (base 3) in base 16?
14
Convert 1 (base 4) to base 6.
1
What is 2 (base 9) in base 13?
2
Convert 9 (base 15) to base 2.
1001
What is 5 (base 6) in base 14?
5
What is -16 (base 7) in base 2?
-1101
3112 (base 4) to base 6
554
Convert 102 (base 8) to base 16.
42
Convert -100 (base 2) to base 6.
-4
What is 10000 (base 2) in base 14?
12
Convert 64 (base 15) to base 12.
7a
Convert 1000111 (base 2) to base 6.
155
Convert 3 (base 10) to base 15.
3
-8 (base 11) to base 5
-13
Convert -15 (base 9) to base 3.
-112
Convert 1 (base 14) to base 10.
1
Convert 334 (base 6) to base 5.
1010
What is 2 (base 16) in base 5?
2
-9 (base 10) to base 2
-1001
What is -43 (base 12) in base 13?
-3c
Convert -1 (base 12) to base 15.
-1
What is -19 (base 11) in base 12?
-18
Convert -43 (base 10) to base 5.
-133
Convert -80 (base 10) to base 7.
-143
What is -1 (base 16) in base 3?
-1
What is 9 (base 12) in base 5?
14
What is 54 (base 13) in base 7?
126
What is -d (base 16) in base 14?
-d
What is -2 (base 6) in base 9?
-2
13a (base 12) to base 16
be
Convert 30 (base 14) to base 12.
36
Convert 3 (base 12) to base 13.
3
What is -52 (base 9) in base 7?
-65
Convert -1 (base 11) to base 2.
-1
What is 117 (base 15) in base 14?
139
What is 102 (base 3) in base 2?
1011
12 (base 15) to base 13
14
-1323 (base 4) to base 11
-102
What is 158 (base 10) in base 14?
b4
-25 (base 13) to base 10
-31
Convert 34 (base 11) to base 7.
52
Convert -11 (base 4) to base 2.
-101
Convert -424 (base 5) to base 16.
-72
10101100 (base 2) to base 13
103
Convert 1001100 (base 2) to base 10.
76
What is -1 (base 7) in base 11?
-1
What is -21 (base 3) in base 11?
-7
What is -24 (base 13) in base 4?
-132
1 (base 7) to base 9
1
Convert 15 (base 16) to base 6.
33
102 (base 3) to base 8
13
-12 (base 15) to base 14
-13
Convert 12 (base 4) to base 3.
20
Convert 220 (base 3) to base 13.
1b
Convert 3 (base 12) to base 11.
3
What is 52 (base 6) in base 4?
200
What is -72 (base 10) in base 8?
-110
Convert 50 (base 11) to base 14.
3d
-8 (base 9) to base 5
-13
-42 (base 5) to base 4
-112
0 (base 4) to base 10
0
Convert -101101001 (base 2) to base 5.
-2421
-10 (base 9) to base 13
-9
Convert -38 (base 10) to base 2.
-100110
Convert 2001 (base 3) to base 2.
110111
-11 (base 8) to base 9
-10
Convert -7 (base 9) to base 6.
-11
What is -11001 (base 2) in base 13?
-1c
-1001 (base 2) to base 9
-10
Convert 104 (base 8) to base 12.
58
Convert -10 (base 10) to base 13.
-a
What is -1 (base 9) in base 15?
-1
2 (base 9) to base 8
2
What is 0 (base 9) in base 11?
0
3 (base 5) to base 7
3
Convert 1331 (base 4) to base 8.
175
What is -121 (base 3) in base 5?
-31
-1b (base 15) to base 4
-122
What is -15 (base 7) in base 4?
-30
-14 (base 8) to base 9
-13
Convert 13 (base 7) to base 5.
20
1220 (base 4) to base 9
125
-2301 (base 4) to base 16
-b1
What is 5 (base 14) in base 2?
101
What is 3 (base 9) in base 5?
3
Convert 3 (base 7) to base 15.
3
Convert -10110100 (base 2) to base 11.
-154
What is 5 (base 6) in base 14?
5
What is -412 (base 6) in base 5?
-1102
1033 (base 6) to base 10
237
Convert 25 (base 8) to base 3.
210
Convert 211 (base 3) to base 14.
18
89 (base 11) to base 3
10121
Convert -4 (base 10) to base 3.
-11
Convert -101 (base 3) to base 15.
-a
What is 11000010 (base 2) in base 11?
167
What is 11 (base 6) in base 2?
111
-2 (base 11) to base 12
-2
6 (base 9) to base 15
6
12 (base 14) to base 9
17
Convert -28 (base 13) to base 10.
-34
Convert 5 (base 10) to base 6.
5
2333 (base 4) to base 3
21002
What is 130 (base 4) in base 10?
28
-4 (base 16) to base 10
-4
Convert 52 (base 10) to base 7.
103
Convert 45 (base 6) to base 12.
25
Convert -5 (base 12) to base 8.
-5
Convert 112 (base 5) to base 8.
40
122 (base 11) to base 10
145
Convert -5 (base 9) to base 4.
-11
-27 (base 15) to base 8
-45
Convert a (base 14) to base 6.
14
-4 (base 16) to base 11
-4
Convert -1 (base 5) to base 13.
-1
Convert -6 (base 15) to base 5.
-11
Convert -4 (base 10) to base 15.
-4
What is 1 (base 16) in base 3?
1
12 (base 4) to base 7
6
-3 (bas